 -12 - -7))?
3
Evaluate (15 + 11 - 16) + 1 + -3.
8
What is the value of -2 + -2 - (-5 - 3)?
4
What is the value of (-7 - -8) + 2 + 4?
7
What is 1 + 6 + (-6 - (-9 - -4))?
6
Evaluate -6 - 0 - (-26 - -22).
-2
What is (31 - 23) + (-8 - 1)?
-1
What is -5 + (-16 + 17 - (-2 - 2))?
0
Evaluate -4 + (4 - (-3 - -8)).
-5
What is -5 + (3 - (6 - 1)) + 6?
-1
(5 - (11 - 6)) + -3
-3
Evaluate -124 - -114 - (-3 - 1).
-6
Evaluate 1 + (7 - 1) + -80 + 76.
3
Evaluate -6 - ((-9 - 9) + 5).
7
Evaluate (-42 - -38) + (10 - (0 + 1)).
5
What is 0 + 1 + 9 + -5?
5
Evaluate 3 + -15 + 57 + -36.
9
What is -330 + 333 - (1 + 0 + -5)?
7
Calculate -3 + (4 - 2) + 2.
1
Calculate 2 - (-7 - -5 - -8).
-4
What is 8 + -7 + 5 + -2 - 5?
-1
What is (-1 - -1) + (129 - 131)?
-2
What is the value of (34 - 40) + (2 - -1) - 1?
-4
Calculate (3 - 4) + (1 - 0).
0
(10 - 5) + -2 - (3 - -1)
-1
What is 2 - (1 - -9) - -4?
-4
What is the value of (-13 - (0 - 3)) + 0 + 1?
-9
-2 + 0 + -3 + 1 + 6
2
What is -4 - (-7 + 8 - 6)?
1
3 - (-1 + -1 - (-4 + 0))
1
What is the value of (11 - -1 - 19) + 12?
5
Calculate (-18 - -23) + (-1 - 5).
-1
-9 + (1 - -2) - (0 - 4)
-2
What is 8 + 10 - 6 - 6?
6
Evaluate (-5 - (4 - 13)) + (15 - 11).
8
What is 2 + -4 + (2 - 2) - -3?
1
(56 - 52) + (0 + -1 - -3)
6
What is the value of (6 - (-2 + 10)) + (1 - 4)?
-5
Evaluate -9 - ((-6 - 3) + -7).
7
What is -1 - (-6 + 4 + 3)?
-2
Calculate 8 + -6 + -12 - -6.
-4
What is the value of 2 - ((-4 - -1) + 8)?
-3
(3 - (1 + 1)) + (13 - 15)
-1
-2 + 2 + (9 - (3 - -4))
2
(0 - -2) + (-9 - -7)
0
Evaluate (-4 - (-5 - 1)) + (-5 - 1).
-4
What is the value of (7 - 12) + 11 - (10 + 1)?
-5
-2 + 1 - (15 - 16) - 4
-4
Evaluate -2 + (6 - 1 - -2) - 9.
-4
What is 1 + (-2 - (-10 + 10))?
-1
-17 + (27 - (-4 + 18))
-4
Evaluate -10 + (-3 - -7) + 9 + -7.
-4
What is 4 + -6 - 4 - (-15 - -6)?
3
What is -3 + (6 - ((4 - -3) + -7))?
3
8 + (37 - 33 - (9 + -2))
5
Evaluate -4 + (-4 - (2 - 2)) + 10.
2
What is -1 + -2 + 1 + 5 - 0?
3
What is 0 + (6 - (1 + 9))?
-4
What is the value of 4 + -1 + 4 + -3 + 1?
5
What is 1 + -1 - 5 - 0?
-5
What is the value of 0 + 3 - (-4 + 6 + -6)?
7
7 + (-7 - 5) + 8
3
-4 + 0 - (4 + (-13 - -7))
-2
Evaluate 0 + 1 + -4 - (4 + -4).
-3
What is 2 + 5 + (2 - 7) + -4?
-2
Evaluate (2 - 1) + -3 + (-8 - -15).
5
1 - (-4 - -1) - 2
2
Evaluate (-6 - (5 + -5)) + -1 + 2.
-5
-1 + 0 - (-3 + (0 - 3))
5
Evaluate 2 - (-2 + 6 - (8 + 0)).
6
-10 + 9 + -2 - (-1 - 6)
4
-2 + (1 - -4) + 14 + -11
6
Calculate -1 + (7 - 6) + -6 + 7.
1
-7 + -7 + (21 - 6) + 8
9
Evaluate (-4 - -2) + -1 + -1 + 5.
1
Evaluate -2 - -8 - (49 - 47) - -3.
7
-15 - 0 - (2 - (15 + -6))
-8
What is the value of (-7 - (-7 + 2)) + 2?
0
Calculate -3 + (3 - -2) + -2 - 0.
0
1 + (-3 - (2 + 2 + 3))
-9
What is 4 + -6 + -4 + 12?
6
Evaluate (-4 - (-7 - -4)) + -3.
-4
What is (3 - -1) + (3 - (-2 - -12))?
-3
-12 + 22 + -11 - (-5 + 0)
4
Calculate 7 + 0 - (-4 + 7).
4
Evaluate -2 - (-5 + -6 + 10).
-1
What is the value of -103 + 91 - (1 - 15)?
2
Calculate 2 - 8 - (6 - 7).
-5
Calculate (-25 - -28) + 1 + -1 + 1.
4
Calculate -18 + (10 - (-8 + 8)).
-8
Evaluate (10 - 0 - 18) + 9.
1
Calculate (1 - -2) + (-4 - 0) - -1.
0
Evaluate 1 + 11 + -7 - 4.
1
(-5 - (-1 + 3)) + (-1 - -4)
-4
Evaluate (-5 - (-2 + -6)) + 5.
8
Calculate -2 - (-6 + 8 + -10).
6
Calculate -12 + 4 + 2 - -6.
0
1 + (14 - 8) + -2
5
5 + 0 - (7 + 0 - 2)
0
Calculate -4 - 2 - (-13 - (6 - 9)).
4
What is the value of -9 + 7 - (0 - -2) - -6?
2
9 + (-11 - -1) + -4
-5
Calculate 1 - (3 - -2) - -5.
1
What is the value of 2 - (3 + 2 + 1)?
-4
What is -3 - -6 - (5 - 1)?
-1
What is 7 + (-5 - (15 + -7))?
-6
Evaluate (0 - -3) + (-4 - -15) + -7.
7
What is the value of -3 + -3 + (5 - 3)?
-4
What is 7 + (8 + -8 - 8)?
-1
Calculate -1 - (-7 - -11) - -3.
-2
What is 0 - (2 + (-5 - (3 - 1)))?
5
Evaluate 411 - 426 - (0 - (1 + 4)).
-10
Evaluate (4 + 4 + -3 - 1) + -2.
2
Evaluate 25 + 2 + -23 - (0 - -13).
-9
What is the value of 6 + -3 - 0 - -1?
4
What is -3 + 3 + (-5 - -3)?
-2
Evaluate (1 + -1 - -1 - -4) + 1.
6
Evaluate 13 + (-4 - 7) + -12.
-10
Evaluate -1 + -2 + 1 + 0.
-2
3 + 0 + -3 - -3
3
What is 0 + 1 + 18 + -16?
3
Evaluate -7 + -5 + 0 + 11.
-1
Calculate -14 + 0 + 10 + -1.
-5
Calculate 18 - (16 + (-1 - 4)).
7
What is -16 - (-15 - (-14 - -8))?
-7
Evaluate 84 + -83 - (-1 + 3).
-1
Calculate -1 + 1 - (-4 + (8 - 3)).
-1
What is the value of (28 - 31) + (-2 - 0) - -1?
-4
31 + -28 - (1 + 2)
0
Calculate 9 + -14 + -4 + 6 + 2.
-1
Calculate (0 + -4 - -1) + 0 + 3.
0
Evaluate (-5 + 8 - 8) + 6 + -2.
-1
Evaluate 4 + (2 - 0) + -3 + -2.
1
What is the value of 9 - (23 + -8) - -2?
-4
3 + -8 - (0 - -2)
-7
Evaluate (-1 - -5) + 0 + -60 + 56.
0
Evaluate -1 + 7 + -2 + -10.
-6
What is 1 + (2 + -2 + -3 - 1)?
-3
What is the value of (-11 - -3 - -14) + -12 + 0?
-6
Calculate -12 - ((-2 - 4) + -2).
-4
What is (0 - (0 + -6 + 4)) + 1?
3
Evaluate (-55 - -58) + -1 + -8.
-6
Calculate -8 - (6 + -11 - -2).
-5
What is 0 - (-3 + (-2 - -5))?
0
What is the value of (4 - (-2 + -4)) + -4?
6
What is 2 - (-1 - -1) - 6?
-4
What is 4 + -8 - -2 - 2?
-4
Calculate -1 - -2 - (6 + (-1 - 1)).
-3
What is the value of 7 - (-7 + 14 + 2)?
-2
Calculate -12 - 1 - -5 - -6.
-2
What is the value of (12 - 2) + 8 + -18?
0
What is the value of -2 + (-2 - (2 + (4 - 11)))?
1
What is -15 + 5 - (-1 - (0 - -4))?
-5
Calculate -3 + -5 + 3 + -4 + 4.
-5
What is the value of (3 + -2 - 1) + (1 - 3)?
-2
What is the value of (8 - 1) + 52 + -64?
-5
(10 - (-7 - -17)) + 9
9
Evaluate -41 + 44 + (1 - -2).
6
What is -4 + 1 - (68 + -78)?
7
Evaluate -1 + 7 + (8 - 12).
2
2 - (-2 - -6) - -2
0
Calculate 5 - (-2 + 5) - -1.
3
Evaluate 10 + -2 + 9 + -14.
3
What is 2 + -12 - (0 - (2 - -2))?
-6
What is (-2 - -1 - -2) + -3?
-2
What is -1 + (4 + -5 - (1 + -5))?
2
What is the value of 0 + 4 - 0 - 13 - -4?
-5
What is the value of -7 + 5 - 5 - -4?
-3
What is the value of (8 - 7 - 16) + 9?
-6
Evaluate 6 - (-3 - (-5 + 1)).
5
Evaluate (-23 - -23) + 0 + 4 + -4.
0
Evaluate (0 - 2) + 28 + -31.
-5
What is (1 - 5) + 11 - (3 - -3)?
1
Evaluate (-1 + 3 + -3 - 5) + 2.
-4
What is -11 - (0 + -9) - (0 - 7)?
5
What is (-51 - -57) + (0 - -1) + -7?
0
What is (12 - 2) + (21 - 20)?
11
Calculate (-10 - -3) + (-3 - -5) - -5.
0
What is 9 - ((-4 - -2) + (-10 - -13))?
8
What is the value of 3 + -2 + 2 + -4 + 4?
3
What is the value of -6 + 3 + (5 - -6)?
8
Calculate 0 + 1 + 3 + -7.
-3
(6 - 1) + (-4 - 0 - 2)
-1
What is -5 - (-10 - -3 - -2)?
0
What is the value of (1 + 4 + -6 - -2) + -5?
-4
What is -1 + 4 - (-6 + (2 - -7))?
0
-3 + -2 + (5 - 5 - -4)
-1
What is 0 + 5 + -1 + -1 + 1?
4
Calculate 7 + -1 - (21 + (-14 - 8)).
7
Evaluate 4 + 1 + 9 + -9.
5
What is the value of (-4 - -9 - 11) + 4?
-2
Evaluate -3 - -2 - (4 + -1 - 6).
2
(11 - 5) + -5 + -1 + 5
5
Calculate 4 - -4 - (-25 + 31).
2
What is the value of 0 + ((4 - 2) + 2 - 10)?
-6
What is the value of (-1 + 2 + 4 - -1) + -1?
5
-69 + 61 + (-1 - 4) + 4
-9
Evaluate 10 + (3 + -3 - 5).
5
What is the value of -6 + 3 + 1 - (-1 - -3)?
-4
3 - (22 + -8 - 5)
-6
Calculate -3 + (-1 + -1 - -6) + 0.
1
What is the value of (8 - (8 - 2)) + -5?
-3
Evaluate -3 - ((3 - 9) + 5).
-2
Evaluate 3 + (0 + 3 + -3 - -1).
4
Calculate -2 + 1 - (0 + -1 + -4).
4
Calculate (7 - (-3 + 3) - 5) + -4.
-2
Calculate 14 + 2 + -2 + (84 - 92).
6
What is the value of -9 + -4 + 3 + 7?
-3
-5 + 10 + -6 - 0
-1
Evaluate 5 + (-22 - 2 - -10).
-9
Evaluate 1 + -4 + 1 - (-23 - -23).
-2
Calculate 2 + -8 - (-18 + 15).
-3
What is 2 + -15 + 10 + (-2 - 3)?
-8
Evaluate (-11 - (11 + -25)) + -11.
-8
-2 - 6 - (-11 + 8)
-5
What is the value of 2 + (-3 - (6 + -5))?
-2
Evaluate -7 + -7 + 3 + 9.
-2
What is 1 + (4 - 3) - -2?
4
What is (-9 + 3 - -9 - -1) + -4?
0
What is (-31 - -32) + (0 - -3)?
4
What is the value of 34 + -29 + (-5 - 2)?
-2
Calculate 1 + 5 - (-14 + (16 - 2)).
6
What is the value of -1 - 0 - ((7 - 1) + -4)?
-3
What is 3 + -2 + (-4 - 1) + 0?
-4
What is the value of -3 + (3 - (1 + 3)) + 8?
4
What is (-1 - (-2 - -1)) + 1 - -3?
4
What is 7 + 4 + -4 + -5?
2
What is the value of -3 - (-2 + (2 - 1) - -3)?
-5
Calculate 1 + -7 + (-1 - -4) + 0.
-3
What is (-4 - 4) + 1 - (-2 + -1)?
-4
Calculate 0 + (-2 + -1 - (-1 + -3)).
1
Evaluate -12 - (4 + -7) - -5.
-4
Evaluate -7 - ((-5 - 2) + (4 - 3)).
-1
What is 3 - (20 - (10 + 2))?
-5
-2 + -1 + (4 - (-2 - -3))
0
Calculate -8 + 11 - 1 - 4.
-2
Calculate (2 - -3) + -1 + (1 - 6).
-1
Evaluate 1 + -2 + 5 + -2.